
35
What is the remainder when 36193 is divided by 2585?
3
What is the remainder when 198956 is divided by 16?
12
What is the remainder when 377456 is divided by 141?
140
Calculate the remainder when 26104 is divided by 26093.
11
Calculate the remainder when 1982 is divided by 610.
152
Calculate the remainder when 11735 is divided by 1068.
1055
What is the remainder when 13086 is divided by 141?
114
What is the remainder when 1943 is divided by 709?
525
Calculate the remainder when 57518 is divided by 927.
44
Calculate the remainder when 1071 is divided by 23.
13
What is the remainder when 10391 is divided by 219?
98
Calculate the remainder when 199016 is divided by 9.
8
Calculate the remainder when 18580 is divided by 1238.
10
What is the remainder when 26585 is divided by 1155?
20
What is the remainder when 89648 is divided by 645?
638
Calculate the remainder when 152393 is divided by 1239.
1235
What is the remainder when 202064 is divided by 12?
8
What is the remainder when 42008 is divided by 149?
139
What is the remainder when 124128 is divided by 10?
8
What is the remainder when 2801 is divided by 401?
395
What is the remainder when 729180 is divided by 19?
17
What is the remainder when 1047 is divided by 122?
71
What is the remainder when 7268 is divided by 151?
20
What is the remainder when 21191 is divided by 55?
16
Calculate the remainder when 18721 is divided by 195.
1
Calculate the remainder when 8549 is divided by 789.
659
Calculate the remainder when 50034 is divided by 5558.
12
Calculate the remainder when 6672 is divided by 407.
160
Calculate the remainder when 4324 is divided by 6.
4
What is the remainder when 462 is divided by 60?
42
What is the remainder when 31148 is divided by 3883?
84
Calculate the remainder when 72957 is divided by 8105.
12
What is the remainder when 411375 is divided by 24?
15
What is the remainder when 84526 is divided by 181?
180
What is the remainder when 930070 is divided by 310021?
7
What is the remainder when 24054 is divided by 24028?
26
Calculate the remainder when 36671 is divided by 151.
129
What is the remainder when 872 is divided by 41?
11
What is the remainder when 3204 is divided by 982?
258
Calculate the remainder when 71983 is divided by 35989.
5
What is the remainder when 405510 is divided by 107?
87
What is the remainder when 2852 is divided by 569?
7
What is the remainder when 51574 is divided by 1664?
1654
Calculate the remainder when 14165 is divided by 3537.
17
Calculate the remainder when 11309 is divided by 1024.
45
What is the remainder when 1797 is divided by 1784?
13
What is the remainder when 27778 is divided by 13887?
4
Calculate the remainder when 3787 is divided by 3677.
110
What is the remainder when 245176 is divided by 376?
24
Calculate the remainder when 19175 is divided by 111.
83
What is the remainder when 321843 is divided by 99?
93
Calculate the remainder when 4093 is divided by 4083.
10
What is the remainder when 36599 is divided by 18229?
141
What is the remainder when 359397 is divided by 100?
97
What is the remainder when 305647 is divided by 38?
13
Calculate the remainder when 5555 is divided by 5544.
11
Calculate the remainder when 50443 is divided by 341.
316
Calculate the remainder when 568 is divided by 558.
10
Calculate the remainder when 47987 is divided by 192.
179
What is the remainder when 2086326 is divided by 13?
8
What is the remainder when 23817 is divided by 74?
63
What is the remainder when 13701 is divided by 3401?
97
What is the remainder when 14684 is divided by 1333?
21
Calculate the remainder when 5669 is divided by 103.
4
Calculate the remainder when 1098982 is divided by 87.
85
Calculate the remainder when 60511 is divided by 15125.
11
What is the remainder when 625896 is divided by 182?
180
What is the remainder when 54564 is divided by 17?
11
Calculate the remainder when 23515 is divided by 11449.
617
Calculate the remainder when 173053 is divided by 138.
1
Calculate the remainder when 2767 is divided by 3.
1
Calculate the remainder when 12318 is divided by 85.
78
Calculate the remainder when 507225 is divided by 84536.
9
Calculate the remainder when 3833 is divided by 71.
70
What is the remainder when 36658 is divided by 130?
128
What is the remainder when 1233 is divided by 39?
24
What is the remainder when 249127 is divided by 35589?
4
What is the remainder when 1014822 is divided by 175?
172
What is the remainder when 4220 is divided by 1000?
220
Calculate the remainder when 86293 is divided by 184.
181
What is the remainder when 12 is divided by 8?
4
What is the remainder when 49474 is divided by 49468?
6
Calculate the remainder when 41437 is divided by 80.
77
Calculate the remainder when 11794 is divided by 1688.
1666
What is the remainder when 47502 is divided by 965?
217
Calculate the remainder when 8884 is divided by 518.
78
What is the remainder when 1540 is divided by 219?
7
Calculate the remainder when 343245 is divided by 1373.
1368
What is the remainder when 1630 is divided by 53?
40
Calculate the remainder when 35335 is divided by 411.
400
Calculate the remainder when 2852 is divided by 396.
80
What is the remainder when 335395 is divided by 260?
255
Calculate the remainder when 4410 is divided by 1783.
844
What is the remainder when 6858 is divided by 312?
306
What is the remainder when 6425922 is divided by 75?
72
What is the remainder when 3999 is divided by 188?
51
Calculate the remainder when 54364 is divided by 154.
2
What is the remainder when 1464772 is divided by 1890?
22
Calculate the remainder when 360690 is divided by 904.
898
Calculate the remainder when 74291 is divided by 11.
8
What is the remainder when 28923 is divided by 904?
899
What is the remainder when 357491 is divided by 227?
193
What is the remainder when 1656 is divided by 65?
31
What is the remainder when 1081 is divided by 603?
478
Calculate the remainder when 948639 is divided by 1338.
1335
Calculate the remainder when 2000 is divided by 218.
38
What is the remainder when 1071919 is divided by 357303?
10
What is the remainder when 131652 is divided by 818?
772
Calculate the remainder when 95351 is divided by 1207.
1205
What is the remainder when 12813 is divided by 3121?
329
What is the remainder when 207909 is divided by 51971?
25
Calculate the remainder when 38695 is divided by 12898.
1
Calculate the remainder when 198167 is divided by 190.
187
What is the remainder when 1802 is divided by 251?
45
Calculate the remainder when 2095006 is divided by 556.
554
Calculate the remainder when 3072 is divided by 89.
46
Calculate the remainder when 39914 is divided by 15.
14
What is the remainder when 12235 is divided by 16?
11
Calculate the remainder when 35137 is divided by 8718.
265
What is the remainder when 48648 is divided by 623?
54
What is the remainder when 786 is divided by 33?
27
Calculate the remainder when 9023 is divided by 432.
383
What is the remainder when 1708559 is divided by 504?
503
What is the remainder when 1165 is divided by 55?
10
Calculate the remainder when 510 is divided by 37.
29
What is the remainder when 22072 is divided by 381?
355
What is the remainder when 58495 is divided by 100?
95
What is the remainder when 87775 is divided by 1416?
1399
Calculate the remainder when 63319 is divided by 21073.
100
What is the remainder when 174618 is divided by 293?
283
What is the remainder when 890 is divided by 78?
32
What is the remainder when 27267 is divided by 13632?
3
What is the remainder when 109036 is divided by 259?
256
Calculate the remainder when 10271 is divided by 10.
1
Calculate the remainder when 61366 is divided by 25.
16
What is the remainder when 2131 is divided by 377?
246
Calculate the remainder when 609 is divided by 20.
9
Calculate the remainder when 56312 is divided by 1024.
1016
Calculate the remainder when 128007 is divided by 1058.
1047
Calculate the remainder when 1771 is divided by 273.
133
Calculate the remainder when 171559 is divided by 15595.
14
What is the remainder when 30970 is divided by 162?
28
Calculate the remainder when 34261 is divided by 65.
6
What is the remainder when 7944 is divided by 26?
14
What is the remainder when 21176 is divided by 21161?
15
Calculate the remainder when 45